{"id":3792,"date":"2013-09-01T16:48:44","date_gmt":"2013-09-01T15:48:44","guid":{"rendered":"http:\/\/www.losloquitos.com\/v3\/?page_id=3792"},"modified":"2025-05-13T00:17:49","modified_gmt":"2025-05-12T22:17:49","slug":"les-soirees-associatives","status":"publish","type":"page","link":"https:\/\/www.losloquitos.com\/v3\/les-soirees-associatives\/","title":{"rendered":"Les Soir\u00e9es Los Loquitos"},"content":{"rendered":"<h3>LES SOIR\u00c9ES LOS LOQUITOS<\/h3>\n<p>Los Loquitos organise un certain nombre de soir\u00e9es tout au long de l&rsquo;ann\u00e9e. Elles ont lieu pour la plupart, \u00e0 la <a title=\"Nous contacter\" href=\"http:\/\/www.losloquitos.com\/v3\/nous-contacter\/\">MJC du Grand Cordel \u00e0 RENNES<\/a>.<\/p>\n<p>Les mots d&rsquo;ordre de ces soir\u00e9es : convivialit\u00e9, bonne humeur et danse !<\/p>\n<h4>Programme des \u00e9v\u00e9nements<\/h4>\n<ul>\n<li><a href=\"https:\/\/fb.me\/e\/bm6bXAWgt\" target=\"_blank\">Soir\u00e9e de rentr\u00e9e\u00a0<\/a>: <em>vendredi\u00a018 octobre 2024<\/em>\u00a0 (int\u00e9gration et accueil des nouveaux arrivants)<\/li>\n<li>Soir\u00e9e de No\u00ebl\u00a0: <em>samedi 6 d\u00e9cembre 2024<\/em>\u00a0(soir\u00e9e au profit des Restos du C\u0153ur)<\/li>\n<li>Weekend de stage salsa et bachata : <em>le 25 et 26 janvier 2025<\/em><\/li>\n<li>Soir\u00e9e de fin de saison :\u00a0<em>le 27\u00a0juin 2025<\/em><\/li>\n<\/ul>\n<p><a href=\"https:\/\/www.facebook.com\/losloquitospage\/events\" target=\"_blank\">Lien vers les \u00e9v\u00e9nements Facebook<\/a><\/p>\n<p><a href=\"http:\/\/www.losloquitos.com\/v3\/wp-content\/uploads\/2013\/09\/48936631_1211205522359745_5446596810019700736_o.jpg\"><img loading=\"lazy\" decoding=\"async\" class=\"alignnone size-medium wp-image-7514\" src=\"http:\/\/www.losloquitos.com\/v3\/wp-content\/uploads\/2013\/09\/48936631_1211205522359745_5446596810019700736_o-300x195.jpg\" alt=\"Bachata Rennes\" width=\"300\" height=\"195\" srcset=\"https:\/\/www.losloquitos.com\/v3\/wp-content\/uploads\/2013\/09\/48936631_1211205522359745_5446596810019700736_o-300x195.jpg 300w, https:\/\/www.losloquitos.com\/v3\/wp-content\/uploads\/2013\/09\/48936631_1211205522359745_5446596810019700736_o-768x499.jpg 768w, https:\/\/www.losloquitos.com\/v3\/wp-content\/uploads\/2013\/09\/48936631_1211205522359745_5446596810019700736_o-1024x665.jpg 1024w, https:\/\/www.losloquitos.com\/v3\/wp-content\/uploads\/2013\/09\/48936631_1211205522359745_5446596810019700736_o.jpg 1200w\" sizes=\"auto, (max-width: 300px) 100vw, 300px\" \/><\/a><\/p>\n<h4>Animations de l&rsquo;\u00e9t\u00e9 2025 au MeM<\/h4>\n<p><a href=\"http:\/\/www.losloquitos.com\/v3\/wp-content\/uploads\/2013\/09\/visuel-loquitos-MEM-2025-ok.jpg\"><img loading=\"lazy\" decoding=\"async\" class=\"alignnone wp-image-8360 size-medium\" src=\"http:\/\/www.losloquitos.com\/v3\/wp-content\/uploads\/2013\/09\/visuel-loquitos-MEM-2025-ok-300x157.jpg\" width=\"300\" height=\"157\" srcset=\"https:\/\/www.losloquitos.com\/v3\/wp-content\/uploads\/2013\/09\/visuel-loquitos-MEM-2025-ok-300x157.jpg 300w, https:\/\/www.losloquitos.com\/v3\/wp-content\/uploads\/2013\/09\/visuel-loquitos-MEM-2025-ok-768x402.jpg 768w, https:\/\/www.losloquitos.com\/v3\/wp-content\/uploads\/2013\/09\/visuel-loquitos-MEM-2025-ok-1024x536.jpg 1024w, https:\/\/www.losloquitos.com\/v3\/wp-content\/uploads\/2013\/09\/visuel-loquitos-MEM-2025-ok.jpg 1200w\" sizes=\"auto, (max-width: 300px) 100vw, 300px\" \/><\/a><\/p>\n<p><a href=\"https:\/\/www.facebook.com\/losloquitospage\/events\" target=\"_blank\">Lien vers les \u00e9v\u00e9nements Facebook<\/a><\/p>\n","protected":false},"excerpt":{"rendered":"","protected":false},"author":5,"featured_media":0,"parent":0,"menu_order":0,"comment_status":"open","ping_status":"open","template":"","meta":{"footnotes":""},"class_list":["post-3792","page","type-page","status-publish","hentry"],"_links":{"self":[{"href":"https:\/\/www.losloquitos.com\/v3\/wp-json\/wp\/v2\/pages\/3792","targetHints":{"allow":["GET"]}}],"collection":[{"href":"https:\/\/www.losloquitos.com\/v3\/wp-json\/wp\/v2\/pages"}],"about":[{"href":"https:\/\/www.losloquitos.com\/v3\/wp-json\/wp\/v2\/types\/page"}],"author":[{"embeddable":true,"href":"https:\/\/www.losloquitos.com\/v3\/wp-json\/wp\/v2\/users\/5"}],"replies":[{"embeddable":true,"href":"https:\/\/www.losloquitos.com\/v3\/wp-json\/wp\/v2\/comments?post=3792"}],"version-history":[{"count":69,"href":"https:\/\/www.losloquitos.com\/v3\/wp-json\/wp\/v2\/pages\/3792\/revisions"}],"predecessor-version":[{"id":8361,"href":"https:\/\/www.losloquitos.com\/v3\/wp-json\/wp\/v2\/pages\/3792\/revisions\/8361"}],"wp:attachment":[{"href":"https:\/\/www.losloquitos.com\/v3\/wp-json\/wp\/v2\/media?parent=3792"}],"curies":[{"name":"wp","href":"https:\/\/api.w.org\/{rel}","templated":true}]}}