{"id":3889,"date":"2013-09-02T22:47:09","date_gmt":"2013-09-02T20:47:09","guid":{"rendered":"http:\/\/www.losloquitos.com\/v3\/?page_id=3889"},"modified":"2024-08-23T17:48:22","modified_gmt":"2024-08-23T15:48:22","slug":"salsa-intermediaire","status":"publish","type":"page","link":"https:\/\/www.losloquitos.com\/v3\/salsa-intermediaire\/","title":{"rendered":"Cours Salsa Interm\u00e9diaire"},"content":{"rendered":"<h3>Tous les Mercredis de 19h30 \u00e0 20h45 &#8211; Maison de quartier de Villejean, 2 rue de Bourgogne 35000 Rennes.<\/h3>\n<p>Le niveau interm\u00e9diaire correspond \u00e0 au moins une ann\u00e9e d\u2019enseignement de salsa portoricaine ou plusieurs ann\u00e9es de salsa cubaine.<\/p>\n<p>Ce cours de Salsa Interm\u00e9diaire s\u2019adresse aux personnes \u00e0 l\u2019aise dans la r\u00e9alisation des mouvements de base comme les diff\u00e9rents types de cross turning, et copas simples.<\/p>\n<div dir=\"auto\"><span style=\"text-decoration: underline;\">Au programme<\/span> :<\/div>\n<ul>\n<li>perfectionnement et apprentissage des variantes plus \u00e9labor\u00e9es sur les cross-body, les copas, et de nouveaux mouvements, double tours seuls et guid\u00e9s<\/li>\n<li>introduction du style et sensibilisation au jeu musical<\/li>\n<li>approfondir la technique et le perfectionnement style<\/li>\n<\/ul>\n<p>Pr\u00e9requis : les mouvements classiques de la salsa portoricaine.<\/p>\n<p>Vos animateurs pour ce cours seront : Charles, Romane, Lionel, Pauline, Lisa et Gwenaelle<\/p>\n<p style=\"text-align: center;\"><strong>Si vous h\u00e9sitez entre les niveaux de cours, venez demander conseil aux animateurs ! !<\/strong><\/p>\n<p><strong>Inscriptions aupr\u00e8s de la maison de quartier de Villejean &#8211; 02 99 59 04 02<\/strong><\/p>\n<p><strong>Tarifs: <\/strong> Cliquer <a href=\"http:\/\/www.losloquitos.com\/v3\/tarifs\/\">ici<\/a> pour conna\u00eetre les tarifs<\/p>\n<p><a href=\"http:\/\/www.losloquitos.com\/v3\/wp-content\/uploads\/2013\/09\/48386572_1211205702359727_4124525517472792576_o.jpg\"><img loading=\"lazy\" decoding=\"async\" class=\"alignnone size-medium wp-image-7469\" src=\"http:\/\/www.losloquitos.com\/v3\/wp-content\/uploads\/2013\/09\/48386572_1211205702359727_4124525517472792576_o-300x215.jpg\" alt=\"Salsa Intermediaire\" width=\"300\" height=\"215\" srcset=\"https:\/\/www.losloquitos.com\/v3\/wp-content\/uploads\/2013\/09\/48386572_1211205702359727_4124525517472792576_o-300x215.jpg 300w, https:\/\/www.losloquitos.com\/v3\/wp-content\/uploads\/2013\/09\/48386572_1211205702359727_4124525517472792576_o-768x550.jpg 768w, https:\/\/www.losloquitos.com\/v3\/wp-content\/uploads\/2013\/09\/48386572_1211205702359727_4124525517472792576_o-1024x734.jpg 1024w, https:\/\/www.losloquitos.com\/v3\/wp-content\/uploads\/2013\/09\/48386572_1211205702359727_4124525517472792576_o-90x65.jpg 90w, https:\/\/www.losloquitos.com\/v3\/wp-content\/uploads\/2013\/09\/48386572_1211205702359727_4124525517472792576_o.jpg 1200w\" sizes=\"auto, (max-width: 300px) 100vw, 300px\" \/><\/a><\/p>\n","protected":false},"excerpt":{"rendered":"","protected":false},"author":5,"featured_media":0,"parent":0,"menu_order":0,"comment_status":"open","ping_status":"closed","template":"","meta":{"footnotes":""},"class_list":["post-3889","page","type-page","status-publish","hentry"],"_links":{"self":[{"href":"https:\/\/www.losloquitos.com\/v3\/wp-json\/wp\/v2\/pages\/3889","targetHints":{"allow":["GET"]}}],"collection":[{"href":"https:\/\/www.losloquitos.com\/v3\/wp-json\/wp\/v2\/pages"}],"about":[{"href":"https:\/\/www.losloquitos.com\/v3\/wp-json\/wp\/v2\/types\/page"}],"author":[{"embeddable":true,"href":"https:\/\/www.losloquitos.com\/v3\/wp-json\/wp\/v2\/users\/5"}],"replies":[{"embeddable":true,"href":"https:\/\/www.losloquitos.com\/v3\/wp-json\/wp\/v2\/comments?post=3889"}],"version-history":[{"count":55,"href":"https:\/\/www.losloquitos.com\/v3\/wp-json\/wp\/v2\/pages\/3889\/revisions"}],"predecessor-version":[{"id":8291,"href":"https:\/\/www.losloquitos.com\/v3\/wp-json\/wp\/v2\/pages\/3889\/revisions\/8291"}],"wp:attachment":[{"href":"https:\/\/www.losloquitos.com\/v3\/wp-json\/wp\/v2\/media?parent=3889"}],"curies":[{"name":"wp","href":"https:\/\/api.w.org\/{rel}","templated":true}]}}