{"id":4129,"date":"2013-09-08T19:00:36","date_gmt":"2013-09-08T17:00:36","guid":{"rendered":"http:\/\/www.losloquitos.com\/v3\/?page_id=4129"},"modified":"2017-08-27T12:54:26","modified_gmt":"2017-08-27T10:54:26","slug":"videos","status":"publish","type":"page","link":"https:\/\/www.losloquitos.com\/v3\/videos\/","title":{"rendered":"Vid\u00e9os"},"content":{"rendered":"<h3>LES VIDEOS DE L&rsquo;ASSO<\/h3>\n<p>Les vid\u00e9os de shows, les teasers, de danses&#8230; elles sont toutes sur notre cha\u00eene youtube.<\/p>\n<p>Abonnez-vous \u00e0 la cha\u00eene et vous serez inform\u00e9s de toutes nos nouvelles publications !<\/p>\n<p>Pour cela, rendez-vous sur :\u00a0<a title=\"http:\/\/www.youtube.com\/user\/losloquitosdelasalsa\" href=\"http:\/\/www.youtube.com\/user\/losloquitosdelasalsa\" target=\"_blank\">http:\/\/www.youtube.com\/user\/losloquitosdelasalsa<\/a>, et cliquez sur \u00ab\u00a0s&rsquo;abonner\u00a0\u00bb<\/p>\n","protected":false},"excerpt":{"rendered":"","protected":false},"author":5,"featured_media":0,"parent":0,"menu_order":0,"comment_status":"open","ping_status":"open","template":"","meta":{"footnotes":""},"class_list":["post-4129","page","type-page","status-publish","hentry"],"_links":{"self":[{"href":"https:\/\/www.losloquitos.com\/v3\/wp-json\/wp\/v2\/pages\/4129","targetHints":{"allow":["GET"]}}],"collection":[{"href":"https:\/\/www.losloquitos.com\/v3\/wp-json\/wp\/v2\/pages"}],"about":[{"href":"https:\/\/www.losloquitos.com\/v3\/wp-json\/wp\/v2\/types\/page"}],"author":[{"embeddable":true,"href":"https:\/\/www.losloquitos.com\/v3\/wp-json\/wp\/v2\/users\/5"}],"replies":[{"embeddable":true,"href":"https:\/\/www.losloquitos.com\/v3\/wp-json\/wp\/v2\/comments?post=4129"}],"version-history":[{"count":14,"href":"https:\/\/www.losloquitos.com\/v3\/wp-json\/wp\/v2\/pages\/4129\/revisions"}],"predecessor-version":[{"id":6867,"href":"https:\/\/www.losloquitos.com\/v3\/wp-json\/wp\/v2\/pages\/4129\/revisions\/6867"}],"wp:attachment":[{"href":"https:\/\/www.losloquitos.com\/v3\/wp-json\/wp\/v2\/media?parent=4129"}],"curies":[{"name":"wp","href":"https:\/\/api.w.org\/{rel}","templated":true}]}}